 5*z. Let x = -30 + 51. Calculate the greatest common factor of g and x.
3
Suppose -3*z + 25 = m, 5*z - m - 2*m = 23. Let l = z - -8. Calculate the greatest common factor of 165 and l.
15
Let s = 165 - 99. Calculate the greatest common divisor of s and 22.
22
Suppose -4*f - 2*d + 20 = 0, f = 2*f + 4*d - 19. Suppose -f*g + 0*g = -24. Calculate the greatest common divisor of g and 16.
8
Let q = 1 + -3. Suppose 0*v = v. Let u be (-8 + q)/(-1 - v). What is the greatest common factor of u and 40?
10
Suppose -21*d = -161 - 28. Calculate the greatest common factor of 3 and d.
3
Suppose -2*m + 21 = -17. Let r = -136 - -249. Suppose 2*l + r = 455. What is the greatest common divisor of m and l?
19
Let m be (6/(-5))/((-3)/140). Calculate the highest common divisor of m and 14.
14
Let k be (2 + 0)/1 - -10. Let c = 1 - -266. Let b = c + -135. What is the greatest common factor of k and b?
12
Let v(h) = h**2 + 5*h + 6. Let a be v(-4). Let z be (-38)/(-10) - a/(-10). What is the greatest common divisor of z and 44?
4
Suppose 2*y - 4*q - 18 = q, -2*q - 45 = -5*y. Let b(d) = 8*d + 5. Let a be b(5). Calculate the greatest common divisor of y and a.
9
Let f(g) = -6*g + 20. Let m(a) = 2*a - 7. Let c(n) = 3*f(n) + 8*m(n). Let v be c(-4). Calculate the highest common factor of v and 36.
12
Let r(y) = 3*y**2 - 3*y. Let m be r(4). Suppose 0 = 3*t + 2*q - m, 3*q + 18 = 5*t - 61. What is the greatest common divisor of 14 and t?
14
Let x(q) = -q**2 - 17*q. Let c be x(-5). Let h be (2*-5 + -2)*-1. Calculate the highest common divisor of c and h.
12
Let q = 67 + -27. What is the greatest common factor of 10 and q?
10
Suppose -d = 5*w - 295, 0 = 9*w - 6*w + d - 175. What is the highest common divisor of 150 and w?
30
Suppose 0*f = 2*f - 40. What is the greatest common divisor of f and 80?
20
Suppose -2*p + 5*v + 36 = 7, 0 = p + 5*v - 7. Calculate the greatest common factor of 8 and p.
4
Suppose 5*x = -u + 13, -4*x - 2*u + 8 = -0*x. What is the highest common factor of 3 and x?
3
Let j(y) = -59*y + 1. Let f be j(-1). Calculate the highest common factor of f and 10.
10
Let s be 1805/20 + 2/(-8). What is the highest common divisor of s and 18?
18
Let y be (-322)/(-4) - (-7)/14. Let q = -12 + 21. Calculate the greatest common divisor of q and y.
9
Let y = 36 + 6. Suppose h = 5*h + 16. Let c be 2 + 0 + h + 16. Calculate the highest common divisor of y and c.
14
Let f be 6/(-9)*-12*7. Let n(v) = -2*v - 8. Suppose 0 = 4*i + 5*t - 10*t + 7, -3*i - 3*t = 39. Let l be n(i). What is the greatest common factor of l and f?
8
Let m be 0 + (9 - (-1 + 2)). Suppose -68 = 13*b - 900. Calculate the greatest common divisor of b and m.
8
Let f = 2 - 3. Let b be f + -1 + (213 - -1). Suppose 0 = -2*r + 2*z + 3*z + b, -116 = -r + 5*z. Calculate the greatest common divisor of r and 16.
16
Let h = 92 + -60. Suppose 48 + h = 4*a. Calculate the greatest common factor of 10 and a.
10
Suppose 73*i = 77*i - 300. Calculate the greatest common divisor of i and 30.
15
Let s be 6*(3 + (-7)/3). Let a be s + 1*1/(-1). Suppose a*p + 2*p = 110. What is the greatest common factor of p and 55?
11
Let f be -1*(2 + -3)*12. Let y be ((-42)/f)/(2/(-8)). Calculate the highest common factor of y and 14.
14
Let v = 9 - 5. Suppose -2*b - 4*q - v = 0, -4*b - q - 1 = -0. Suppose -3*g - 2 + 5 = b. Calculate the highest common factor of g and 8.
1
Let c be (-88)/(-22)*(-1 + 7). Let r be 1/(-4) + (-13)/(-4). What is the highest common divisor of r and c?
3
Let i be (-2217)/(-12) - 6/8. Calculate the highest common divisor of i and 23.
23
Let f = 18 + -5. Let y(o) = o**3 + 5*o**2 + 4*o - 1. Let w be y(-3). Suppose w*l + 26 = 7*l. Calculate the greatest common factor of l and f.
13
Let r = -12 + 14. Suppose 4 = -2*v, 3*o = -r*o - v + 43. What is the greatest common divisor of o and 63?
9
Let n be (-31980)/(-160) - (-2)/16. What is the highest common factor of n and 25?
25
Let s = -84 + 99. Calculate the greatest common divisor of 3 and s.
3
Let l be (-1)/(1/(-10)) - 0. Suppose 35 = -j + 2*j. Let b = 65 - j. Calculate the greatest common factor of b and l.
10
Let g be (-4)/(-12) - 1401/(-9). What is the greatest common factor of 39 and g?
39
Suppose -6*a - 10*a + 240 = 0. Let o be 10/3*(-27)/(-2). What is the greatest common divisor of o and a?
15
Let s(r) = r**3 + 16*r**2 - 25*r - 37. Let l be s(-16). What is the highest common factor of 33 and l?
33
Let t be ((-12)/(-5))/(1/5). Let o(l) = 3*l**3 + l**2 - 2*l - 4. Let h be o(-2). Let s = 26 + h. Calculate the greatest common factor of t and s.
6
Let j be -205*7/(35/(-2)). Let g = 137 - j. Calculate the greatest common divisor of 22 and g.
11
Let o = 40 + -18. Calculate the highest common divisor of o and 55.
11
Let f be (-2400)/45*18/(-5). What is the greatest common divisor of 24 and f?
24
Suppose 0*b + 4 = -4*b. Let y(v) = v**2 - 2*v - 1. Let n be y(b). Calculate the greatest common divisor of 14 and n.
2
Suppose 0 = i + i - 108. Suppose 5*x - 27 = -2*q, -4*q + 17*x + 9 = 12*x. Calculate the greatest common factor of q and i.
6
Suppose -2*d = a + 3*a + 26, 3*d + 57 = 3*a. Let y = -26 - -52. Let h = y + d. What is the greatest common divisor of h and 36?
9
Suppose 2*g - 32 = -3*p, 4*g + 18 = -4*p + 66. Calculate the highest common divisor of 20 and p.
4
Let u(t) be the second derivative of -t**4/12 - 5*t**3/6 + 7*t**2/2 - 6*t. Let p be u(-5). What is the greatest common divisor of p and 56?
7
Let c(i) be the third derivative of i**5/30 - 2*i**3/3 + i**2. Let d be c(-3). Suppose -z + 0*z = -70. Calculate the highest common divisor of d and z.
14
Let l = 28 - -8. Suppose -15 = 5*v, m + 0*v - v - 15 = 0. Calculate the greatest common factor of m and l.
12
Let h(d) = d**3 - d + 27. Let n be h(0). What is the highest common divisor of n and 27?
27
Let h be 2/(-8) - 7/4. Let s = 3 - h. Calculate the highest common divisor of 45 and s.
5
Let h be 1*(2 + -4) - -12. Let f(w) = -w**3 + 6*w**2 - 4*w - 1. Let z be f(5). Calculate the greatest common factor of z and h.
2
Suppose 328 = v - 123. What is the highest common factor of v and 41?
41
Suppose 2*a - 18 = -a. Let h(l) = l**3 - 5*l**2 - 4*l - 6. Let z be h(a). Calculate the greatest common factor of z and 9.
3
Let x = -203 - -443. What is the highest common divisor of 30 and x?
30
Suppose 5*q = -2 - 3. Let r(w) = 35*w**2 - w. Let x be r(q). What is the highest common factor of x and 12?
12
Let p(m) be the second derivative of -m**3/6 + 2*m**2 + m. Let i be p(-6). Let o be (-4)/10 + 704/i. What is the highest common divisor of 7 and o?
7
Suppose -4*p - 16 = 0, -2*p + 6*p = -2*b - 114. Let f = b + 81. Let h be (-5)/((-34)/32 + 1). What is the highest common factor of h and f?
16
Suppose 0*d - 3*g - 183 = -2*d, -4*d - g + 359 = 0. Calculate the greatest common factor of d and 60.
30
Let k(w) = w**3 - w**2 - w + 5. Let l be k(2). Calculate the highest common factor of 56 and l.
7
Suppose 0 = -0*f + 4*f + 2*g - 148, 4*f - 4*g - 136 = 0. Suppose -f = -r - 2*k, 4*k + 24 - 122 = -3*r. Calculate the greatest common factor of 39 and r.
13
Let f(r) = -2 - 7 - 2*r + 3. Let k be f(-5). What is the greatest common divisor of k and 10?
2
Suppose -2*u = -7*u - 3*i + 140, 2*u - 3*i - 77 = 0. Calculate the greatest common divisor of u and 217.
31
Suppose 2*y = z + z + 46, -5*y = -4*z - 110. Calculate the highest common factor of 144 and y.
18
Let j = -217 + 338. Calculate the highest common factor of 22 and j.
11
Let g = 7 + -5. Let v(a) = 0*a + 3*a - 6*a - 9*a**g - 11 - a**3. Let w be v(-9). What is the highest common divisor of w and 40?
8
Let l(f) = 20*f**2 - 3*f + 3. Let j be l(1). What is the greatest common factor of j and 50?
10
Let w(p) = p**2 - 2. Let v be w(-2). Suppose 5*j - 2*h - 8 = h, j + 16 = 5*h. Let m be 99/6 - 2/j. Calculate the greatest common factor of m and v.
2
Let w be (-18)/(6/10 + -1). Let n be -2 + 2 - 2/(-1). Suppose 4*g - 36 = n*g. Calculate the greatest common divisor of w and g.
9
Let s(r) = -r**3 - 2*r**2 + 2*r. Let a be s(-3). Let t = 13 - a. Let d be 81/5 - 2/t. What is the highest common factor of d and 96?
16
Suppose -18 = -4*z - 10. Calculate the highest common divisor of 38 and z.
2
Let c(i) = -2*i + 105. Let f be c(21). What is the greatest common divisor of 36 and f?
9
Let k be 3/(36/2499) + (-5)/20. Calcula